 divisor of 1645 and 893.
47
What is the greatest common factor of 1192 and 800?
8
What is the greatest common factor of 46573 and 1?
1
What is the highest common factor of 1048 and 160868?
524
What is the highest common factor of 30144 and 2304?
192
What is the highest common factor of 276 and 3032688?
276
What is the greatest common factor of 27912 and 480?
24
What is the highest common divisor of 57133 and 44175?
589
What is the highest common divisor of 850800 and 36?
12
Calculate the greatest common factor of 1472 and 28980.
92
What is the greatest common factor of 4215 and 270?
15
Calculate the highest common divisor of 331002 and 10360.
518
What is the highest common factor of 800 and 115840?
160
Calculate the highest common divisor of 87093 and 27.
9
Calculate the highest common factor of 558 and 394866.
18
Calculate the highest common divisor of 144 and 27.
9
Calculate the greatest common divisor of 320085 and 45.
45
Calculate the greatest common divisor of 651680 and 2560.
160
What is the highest common divisor of 78641 and 1634?
19
What is the greatest common divisor of 92715 and 30?
15
Calculate the highest common factor of 4 and 1716.
4
Calculate the greatest common factor of 14063 and 7462.
287
Calculate the greatest common divisor of 10624 and 608.
32
Calculate the highest common divisor of 164322 and 7344.
918
Calculate the highest common divisor of 132 and 74448.
132
Calculate the highest common factor of 30267 and 19.
19
Calculate the highest common divisor of 168 and 126.
42
Calculate the greatest common divisor of 94 and 1346738.
94
What is the greatest common factor of 19932 and 14043?
453
Calculate the greatest common factor of 155641 and 335.
67
Calculate the greatest common divisor of 27185 and 5.
5
What is the highest common factor of 2474401 and 17?
17
What is the highest common divisor of 19430 and 1?
1
What is the highest common factor of 413 and 154403?
59
What is the greatest common factor of 34798 and 822?
274
What is the greatest common divisor of 10200 and 36200?
200
What is the greatest common factor of 7425 and 3105?
135
What is the greatest common factor of 2628 and 1800?
36
What is the highest common divisor of 440 and 863060?
220
Calculate the highest common divisor of 18419 and 16159.
113
Calculate the greatest common divisor of 146314 and 686.
98
What is the highest common divisor of 3528 and 1152?
72
Calculate the highest common factor of 374806 and 3474.
386
Calculate the greatest common divisor of 341 and 18352.
31
Calculate the greatest common divisor of 2204 and 1044.
116
Calculate the highest common factor of 282 and 6759.
3
Calculate the greatest common divisor of 128 and 4217536.
64
What is the greatest common factor of 405774 and 1?
1
Calculate the highest common factor of 2312 and 1054.
34
Calculate the greatest common factor of 222 and 245865.
111
Calculate the greatest common divisor of 3799 and 87.
29
What is the greatest common factor of 4023 and 1350?
27
Calculate the highest common factor of 3051 and 9379.
113
What is the greatest common divisor of 21640 and 5?
5
Calculate the greatest common factor of 784 and 2177.
7
What is the greatest common divisor of 16167 and 561?
51
Calculate the greatest common divisor of 60 and 116364.
12
What is the greatest common divisor of 1233540 and 4928?
308
What is the highest common factor of 511074 and 36?
18
What is the greatest common factor of 45321 and 69?
3
Calculate the greatest common divisor of 603 and 356775.
201
Calculate the greatest common factor of 389 and 62.
1
What is the highest common divisor of 3786 and 156?
6
What is the greatest common divisor of 5888 and 23?
23
Calculate the greatest common factor of 21980 and 220.
20
Calculate the greatest common divisor of 9546 and 5994.
222
What is the greatest common divisor of 1782 and 2277?
99
What is the greatest common divisor of 148 and 1045472?
148
What is the greatest common factor of 1849 and 5461?
43
Calculate the greatest common divisor of 573256 and 8205.
547
What is the highest common factor of 693 and 63189?
63
What is the greatest common divisor of 51 and 111?
3
What is the highest common divisor of 207 and 55890?
207
What is the greatest common divisor of 4602369 and 138?
69
What is the greatest common divisor of 160 and 1153520?
80
Calculate the highest common divisor of 104676 and 5940.
132
Calculate the highest common factor of 2021 and 23306.
43
What is the highest common factor of 8548 and 8?
4
Calculate the highest common divisor of 992 and 4588.
124
Calculate the highest common factor of 8371 and 22.
11
What is the greatest common divisor of 20637 and 8532?
9
What is the highest common factor of 246 and 1067763?
123
What is the greatest common factor of 129 and 2014851?
129
Calculate the greatest common factor of 43552 and 128.
32
What is the greatest common factor of 450 and 149760?
90
Calculate the greatest common factor of 14530176 and 1152.
1152
Calculate the highest common divisor of 17974 and 21736.
418
What is the greatest common divisor of 9057 and 417?
3
Calculate the highest common divisor of 1152 and 12928.
128
Calculate the highest common divisor of 118269 and 2448.
153
Calculate the highest common divisor of 283322 and 442.
442
What is the highest common divisor of 21 and 1410479?
7
Calculate the greatest common divisor of 12435858 and 774.
774
Calculate the highest common divisor of 480 and 5346480.
240
Calculate the greatest common divisor of 615 and 6.
3
What is the highest common divisor of 22275 and 1125?
225
Calculate the highest common factor of 2257 and 5490.
61
What is the highest common divisor of 249504 and 759?
69
What is the highest common factor of 1502656 and 32?
32
Calculate the greatest common factor of 54396 and 1620.
36
What is the greatest common factor of 217 and 14729092?
217
What is the highest common divisor of 209 and 37753?
19
Calculate the greatest common factor of 252 and 34146.
126
What is the highest common factor of 993960 and 27?
9
Calculate the highest common divisor of 1759077 and 4572.
1143
Calculate the highest common factor of 4309 and 217.
31
What is the greatest common factor of 88907 and 1183?
91
Calculate the greatest common factor of 11356272 and 408.
408
Calculate the highest common divisor of 568544 and 654.
218
Calculate the highest common factor of 884916 and 12.
12
Calculate the greatest common factor of 3678 and 1758.
6
What is the highest common factor of 40 and 695?
5
What is the greatest common divisor of 140 and 218?
2
Calculate the greatest common divisor of 75938 and 430.
86
Calculate the greatest common divisor of 1530 and 144930.
30
Calculate the highest common divisor of 428507 and 4693.
361
What is the highest common divisor of 53932 and 1668?
556
What is the highest common factor of 237726 and 81216?
846
Calculate the greatest common divisor of 60 and 401745.
15
What is the greatest common factor of 8800 and 63855?
55
What is the highest common divisor of 696875 and 223?
223
What is the greatest common factor of 254384 and 4992?
208
Calculate the highest common factor of 7943 and 3055.
611
What is the highest common divisor of 72529 and 287?
41
What is the highest common factor of 506 and 24134?
22
What is the highest common factor of 89688 and 84?
12
What is the greatest common divisor of 1375 and 320?
5
What is the highest common divisor of 197 and 2529677?
197
What is the greatest common factor of 53160 and 6202?
886
What is the greatest common factor of 229085 and 5?
5
Calculate the greatest common factor of 208 and 52936.
104
What is the highest common factor of 4459 and 5005?
91
Calculate the greatest common divisor of 1696 and 187232.
32
What is the highest common factor of 482112 and 120?
24
What is the greatest common divisor of 125110 and 20?
10
Calculate the greatest common divisor of 90 and 99690.
30
What is the greatest common factor of 1248 and 14547?
39
Calculate the highest common divisor of 119224 and 56.
56
Calculate the greatest common divisor of 5922 and 315.
63
What is the greatest common factor of 4551 and 222?
111
Calculate the highest common divisor of 2 and 15761.
1
Calculate the highest common factor of 206024 and 392.
56
Calculate the greatest common divisor of 3874 and 